{"id":712,"date":"2021-09-22T04:38:30","date_gmt":"2021-09-22T04:38:30","guid":{"rendered":"https:\/\/www.forum-transaktionssteuerrecht.de\/?page_id=712"},"modified":"2024-04-22T10:57:21","modified_gmt":"2024-04-22T10:57:21","slug":"personengesellschaften-und-umwandlungen-spaltung-und-realteilung","status":"publish","type":"page","link":"https:\/\/www.forum-transaktionssteuerrecht.de\/?page_id=712","title":{"rendered":"Kauf aus der Insolvenz"},"content":{"rendered":"\n<p>Dieses Mal wollen wir uns mit \u201e<strong>Transaktionen in der Krise<\/strong>\u201c besch\u00e4ftigen und planen unsere n\u00e4chste Veranstaltung hierzu am <strong>15. September 2022<\/strong> zum Thema \u201e<strong>Kauf aus der Insolvenz<\/strong>\u201c. In einer Einf\u00fchrung wird zun\u00e4chst <strong>Dr. Jan Markus Plathner<\/strong> (Brinkmann &amp; Partner) die Ausgangslage aus der kommerziellen Brille eines Insolvenzverwalters beleuchten. Im Anschluss tr\u00e4gt <strong>Dr. Johann Wagner<\/strong> (Gleiss Lutz) zu den steuerlichen Kernthemen vor, die sich bei dem Kauf eines Unternehmens (oder Teilen hiervon) aus der Insolvenz oder einer vorinsolvenzlichen Krisensituation insbesondere bei gro\u00dfvolumigen Transaktionen ergeben. Weitere Teilnehmer der Diskussionsrunde sind <strong>Prof. Dr. Marcel Krumm<\/strong> (Westf\u00e4lische Wilhelms-Universit\u00e4t M\u00fcnster), <strong>Dr. Julia Wilhelm<\/strong> (Hessisches Ministerium der Finanzen) und <strong>Andrea Bilitewski<\/strong> (Deloitte). Moderiert wird die Veranstaltung von <strong>Dr. Stefan Mayer<\/strong> (Gleiss Lutz).<\/p>\n\n\n\n<p>Die Veranstaltung ist vor\u00fcber, die Pr\u00e4sentation kann <a href=\"https:\/\/www.forum-transaktionssteuerrecht.de\/wp-content\/uploads\/2022\/09\/Kauf-aus-der-Insolvenz_220915.pdf\" data-type=\"attachment\" data-id=\"747\">hier<\/a> heruntergeladen werden.<\/p>\n\n\n\n<p><\/p>\n\n\n\n<p><\/p>\n\n\n\n\n","protected":false},"excerpt":{"rendered":"<p>Dieses Mal wollen wir uns mit \u201eTransaktionen in der Krise\u201c besch\u00e4ftigen und planen unsere n\u00e4chste Veranstaltung hierzu am 15. September 2022 zum Thema \u201eKauf aus der Insolvenz\u201c. In einer Einf\u00fchrung&hellip;<\/p>\n","protected":false},"author":2,"featured_media":0,"parent":0,"menu_order":-5,"comment_status":"closed","ping_status":"closed","template":"","meta":{"footnotes":""},"_links":{"self":[{"href":"https:\/\/www.forum-transaktionssteuerrecht.de\/index.php?rest_route=\/wp\/v2\/pages\/712"}],"collection":[{"href":"https:\/\/www.forum-transaktionssteuerrecht.de\/index.php?rest_route=\/wp\/v2\/pages"}],"about":[{"href":"https:\/\/www.forum-transaktionssteuerrecht.de\/index.php?rest_route=\/wp\/v2\/types\/page"}],"author":[{"embeddable":true,"href":"https:\/\/www.forum-transaktionssteuerrecht.de\/index.php?rest_route=\/wp\/v2\/users\/2"}],"replies":[{"embeddable":true,"href":"https:\/\/www.forum-transaktionssteuerrecht.de\/index.php?rest_route=%2Fwp%2Fv2%2Fcomments&post=712"}],"version-history":[{"count":11,"href":"https:\/\/www.forum-transaktionssteuerrecht.de\/index.php?rest_route=\/wp\/v2\/pages\/712\/revisions"}],"predecessor-version":[{"id":861,"href":"https:\/\/www.forum-transaktionssteuerrecht.de\/index.php?rest_route=\/wp\/v2\/pages\/712\/revisions\/861"}],"wp:attachment":[{"href":"https:\/\/www.forum-transaktionssteuerrecht.de\/index.php?rest_route=%2Fwp%2Fv2%2Fmedia&parent=712"}],"curies":[{"name":"wp","href":"https:\/\/api.w.org\/{rel}","templated":true}]}}