{"id":962,"date":"2025-06-11T12:52:32","date_gmt":"2025-06-11T12:52:32","guid":{"rendered":"https:\/\/www.forum-transaktionssteuerrecht.de\/?page_id=962"},"modified":"2025-07-07T07:59:40","modified_gmt":"2025-07-07T07:59:40","slug":"grunderwerbsteuer-in-der-transaktionspraxis-ma-restrukturierung-von-angeschlagenen-unternehmen-kapitalmarkttransaktionen","status":"publish","type":"page","link":"https:\/\/www.forum-transaktionssteuerrecht.de\/","title":{"rendered":"Grunderwerbsteuer in der Transaktionspraxis \u2013 M&amp;A, Restrukturierung von angeschlagenen Unternehmen, Kapitalmarkttransaktionen"},"content":{"rendered":"\n<p>Die Veranstaltung, dieses Mal zum Thema \u201e<strong>Grunderwerbsteuer in der Transaktionspraxis \u2013 M&amp;A, Restrukturierung von angeschlagenen Unternehmen, Kapitalmarkttransaktionen<\/strong>\u201c, fand am <strong>3. Juli 2025<\/strong> um <strong>17:00 Uhr<\/strong> als Pr\u00e4senzveranstaltung wieder in Kooperation mit der <strong>Goethe-Universit\u00e4t Frankfurt a. M.<\/strong> statt.<\/p>\n\n\n\n<p>Veranstaltungsunterlgen zum Download: <a href=\"https:\/\/www.forum-transaktionssteuerrecht.de\/wp-content\/uploads\/2025\/07\/Forum-Transaktionssteuern-Grunderwerbsteuer-2025.pdf\" data-type=\"attachment\" data-id=\"969\">Forum Transaktionssteuern \u2013 Grunderwerbsteuer 2025<\/a><\/p>\n\n\n\n<p>Das Grunderwerbsteuerrecht ist seit vielen Jahren durch Gesetzes\u00e4nderungen, immer wieder neue Erlasse der Finanzverwaltung und eine sich st\u00e4ndig weiterentwickelnde Rechtsprechung gepr\u00e4gt. Aus dem permanenten Wandel resultieren erhebliche Unsicherheiten in der Rechtsanwendung. Im Zusammenspiel mit den strengen Anzeigepflichten droht im schlimmsten Fall die mehrfache Besteuerung eines einheitlichen Erwerbsvorgangs. Auch wenn der Gesetzgeber durch die Einf\u00fchrung des \u00a7 1 Abs. 4a GrEStG das Risiko der Mehrfachbesteuerung bei mehrst\u00f6ckigen Beteiligungsstrukturen zuletzt deutlich reduziert hat, sind zahlreiche Auslegungsfragen nach wie vor ungekl\u00e4rt. Dies betrifft neben verbleibenden Problemen bei der Grundst\u00fcckszurechnung insbesondere die Konkurrenz zwischen verschiedenen Erwerbstatbest\u00e4nden, das Verh\u00e4ltnis von rechtlichem und wirtschaftlichem Eigentum, die grunderwerbsteuerliche Behandlung mittelbarer Beteiligungen, Treuhandstrukturen sowie den Anwendungsbereich der B\u00f6rsenklausel. Die sich daraus ergebenden Fallstricke sowie m\u00f6gliche L\u00f6sungsans\u00e4tze waren Gegenstand unserer Veranstaltung am 3. Juli 2025. <strong>Dr. Karl Broemel<\/strong> (Flick Gocke Schaumburg) zeigte anhand von Fallbeispielen f\u00fcr die Transaktionspraxis besonders relevante Konstellationen und Rechtsfragen auf. Diese wurden im Anschluss in einer Panel-Diskussion mit <strong>Prof. <\/strong><strong>Dr. Marc Desens<\/strong> (Universit\u00e4t Leipzig) sowie <strong>Dirk Krohn<\/strong> (Gro\u00dfbetriebs- und Konzernbetriebspr\u00fcfung Schleswig-Holstein) vertieft. Moderiert wurde die Veranstaltung von <strong>Dr. Johann Wagner<\/strong> (Gleiss Lutz).<\/p>\n\n\n\n\n\n<p><strong>VERANSTALTUNGSDETAILS\u00a0 <\/strong><\/p>\n<p><strong>Datum:<\/strong> \u00a0\u00a0\u00a0\u00a0\u00a0\u00a0\u00a0\u00a0\u00a0\u00a0\u00a0\u00a0\u00a0 Donnerstag, 3. Juli 2025<\/p>\n<p><strong>Ort:<\/strong> \u00a0\u00a0\u00a0\u00a0\u00a0\u00a0\u00a0\u00a0\u00a0\u00a0\u00a0\u00a0\u00a0\u00a0\u00a0\u00a0\u00a0\u00a0\u00a0 Goethe-Universit\u00e4t Frankfurt a. M. (HZ 11)<\/p>\n<p><strong>Dauer:<\/strong> \u00a0\u00a0\u00a0\u00a0\u00a0\u00a0\u00a0\u00a0\u00a0\u00a0\u00a0\u00a0\u00a0\u00a0 17:00 bis 19:30 Uhr mit anschlie\u00dfendem Empfang<\/p>\n<p>\u00a0<\/p>\n","protected":false},"excerpt":{"rendered":"<p>Die Veranstaltung, dieses Mal zum Thema \u201eGrunderwerbsteuer in der Transaktionspraxis \u2013 M&amp;A, Restrukturierung von angeschlagenen Unternehmen, Kapitalmarkttransaktionen\u201c, fand am 3. Juli 2025 um 17:00 Uhr als Pr\u00e4senzveranstaltung wieder in Kooperation&hellip;<\/p>\n","protected":false},"author":2,"featured_media":0,"parent":0,"menu_order":0,"comment_status":"closed","ping_status":"closed","template":"","meta":{"footnotes":""},"_links":{"self":[{"href":"https:\/\/www.forum-transaktionssteuerrecht.de\/index.php?rest_route=\/wp\/v2\/pages\/962"}],"collection":[{"href":"https:\/\/www.forum-transaktionssteuerrecht.de\/index.php?rest_route=\/wp\/v2\/pages"}],"about":[{"href":"https:\/\/www.forum-transaktionssteuerrecht.de\/index.php?rest_route=\/wp\/v2\/types\/page"}],"author":[{"embeddable":true,"href":"https:\/\/www.forum-transaktionssteuerrecht.de\/index.php?rest_route=\/wp\/v2\/users\/2"}],"replies":[{"embeddable":true,"href":"https:\/\/www.forum-transaktionssteuerrecht.de\/index.php?rest_route=%2Fwp%2Fv2%2Fcomments&post=962"}],"version-history":[{"count":5,"href":"https:\/\/www.forum-transaktionssteuerrecht.de\/index.php?rest_route=\/wp\/v2\/pages\/962\/revisions"}],"predecessor-version":[{"id":972,"href":"https:\/\/www.forum-transaktionssteuerrecht.de\/index.php?rest_route=\/wp\/v2\/pages\/962\/revisions\/972"}],"wp:attachment":[{"href":"https:\/\/www.forum-transaktionssteuerrecht.de\/index.php?rest_route=%2Fwp%2Fv2%2Fmedia&parent=962"}],"curies":[{"name":"wp","href":"https:\/\/api.w.org\/{rel}","templated":true}]}}